{"id":145,"date":"2025-03-03T15:28:23","date_gmt":"2025-03-03T15:28:23","guid":{"rendered":"https:\/\/rkadras.lt\/fotomokykla\/?page_id=145"},"modified":"2025-03-03T15:30:35","modified_gmt":"2025-03-03T15:30:35","slug":"pristatymo-salygos","status":"publish","type":"page","link":"https:\/\/rkadras.lt\/fotomokykla\/pristatymo-salygos\/","title":{"rendered":"Pristatymo s\u0105lygos"},"content":{"rendered":"<header class=\"entry-header ast-no-thumbnail ast-no-meta\">\n<h1 class=\"entry-title\">Pristatymo s\u0105lygos<\/h1>\n<\/header>\n<div class=\"entry-content clear\">\n<p>Preki\u0173 pristatymas atliekamas, remiantis pasirinktu pristatymo b\u016bdu<\/p>\n<p>Nemokamas pristatymas \u012f mokykl\u0105 ar vaik\u0173 dar\u017eel\u012f prieinamas u\u017esakymams, apmok\u0117tiems iki kupone su fotosesijos kodu ir slapta\u017eod\u017eiu nurodyto termino. \u0160iuo atveju pristatymas atliekamas per 30 dien\u0173 nuo kupone nurodytos datos.<\/p>\n<p>Jeigu s\u0105skaita i\u0161ra\u0161yta iki kupone nurodytos datos, ta\u010diau apmok\u0117jimas atliktas po min\u0117tos datos, prekes \u012f mokymo \u012fstaig\u0105 pristatysime per 5 savaites<\/p>\n<p>U\u017esakymams, atliktiems po kupone nurodytos datos, si\u016blome pasirinkti pristatymo b\u016bd\u0105. Tai yra mokamas pristatymas \u012f mokymo \u012fstaig\u0105 per 30 darbo dien\u0173 arba mokamas pristatymas \u012f pa\u0161tomat\u0105 per 15 darbo dien\u0173.<\/p>\n<\/div>\n","protected":false},"excerpt":{"rendered":"<p>Pristatymo s\u0105lygos Preki\u0173 pristatymas atliekamas, remiantis pasirinktu pristatymo b\u016bdu Nemokamas pristatymas \u012f mokykl\u0105 ar vaik\u0173 dar\u017eel\u012f prieinamas u\u017esakymams, apmok\u0117tiems iki kupone su fotosesijos kodu ir slapta\u017eod\u017eiu nurodyto termino. \u0160iuo atveju pristatymas atliekamas per 30 dien\u0173 nuo kupone nurodytos datos. Jeigu s\u0105skaita i\u0161ra\u0161yta iki kupone nurodytos datos, ta\u010diau apmok\u0117jimas atliktas po min\u0117tos datos, prekes \u012f mokymo [&hellip;]<\/p>\n","protected":false},"author":3,"featured_media":0,"parent":0,"menu_order":0,"comment_status":"closed","ping_status":"closed","template":"","meta":{"footnotes":""},"class_list":["post-145","page","type-page","status-publish","hentry","entry","owp-thumbs-layout-horizontal","owp-btn-normal","owp-tabs-layout-horizontal","has-no-thumbnails","has-product-nav"],"jetpack_sharing_enabled":true,"_links":{"self":[{"href":"https:\/\/rkadras.lt\/fotomokykla\/wp-json\/wp\/v2\/pages\/145","targetHints":{"allow":["GET"]}}],"collection":[{"href":"https:\/\/rkadras.lt\/fotomokykla\/wp-json\/wp\/v2\/pages"}],"about":[{"href":"https:\/\/rkadras.lt\/fotomokykla\/wp-json\/wp\/v2\/types\/page"}],"author":[{"embeddable":true,"href":"https:\/\/rkadras.lt\/fotomokykla\/wp-json\/wp\/v2\/users\/3"}],"replies":[{"embeddable":true,"href":"https:\/\/rkadras.lt\/fotomokykla\/wp-json\/wp\/v2\/comments?post=145"}],"version-history":[{"count":2,"href":"https:\/\/rkadras.lt\/fotomokykla\/wp-json\/wp\/v2\/pages\/145\/revisions"}],"predecessor-version":[{"id":154,"href":"https:\/\/rkadras.lt\/fotomokykla\/wp-json\/wp\/v2\/pages\/145\/revisions\/154"}],"wp:attachment":[{"href":"https:\/\/rkadras.lt\/fotomokykla\/wp-json\/wp\/v2\/media?parent=145"}],"curies":[{"name":"wp","href":"https:\/\/api.w.org\/{rel}","templated":true}]}}