{"id":183,"date":"2025-03-06T13:23:22","date_gmt":"2025-03-06T13:23:22","guid":{"rendered":"https:\/\/rkadras.lt\/fotomokykla\/?page_id=183"},"modified":"2026-01-14T12:13:32","modified_gmt":"2026-01-14T12:13:32","slug":"kontaktai","status":"publish","type":"page","link":"https:\/\/rkadras.lt\/fotomokykla\/kontaktai\/","title":{"rendered":"Kontaktai"},"content":{"rendered":"<p>Fotografas: Ram\u016bnas Ka\u010derauskas<\/p>\n<p>Vilkp\u0117d\u0117s g. 8, korpusas 12, Vilnius.<\/p>\n<p>El. pa\u0161tas: info@rkadras.lt<\/p>\n<p>Tel. Nr. +370 68612982<\/p>\n<p>AB SEB bankas, LT037044000847623489<\/p>\n<p>Veikla vykdoma pagal gyventojo individualios veiklos pa\u017eym\u0105 Nr. 1399729<\/p>\n","protected":false},"excerpt":{"rendered":"<p>Fotografas: Ram\u016bnas Ka\u010derauskas Vilkp\u0117d\u0117s g. 8, korpusas 12, Vilnius. El. pa\u0161tas: info@rkadras.lt Tel. Nr. +370 68612982 AB SEB bankas, LT037044000847623489 Veikla vykdoma pagal gyventojo individualios veiklos pa\u017eym\u0105 Nr. 1399729<\/p>\n","protected":false},"author":3,"featured_media":0,"parent":0,"menu_order":0,"comment_status":"closed","ping_status":"closed","template":"","meta":{"footnotes":""},"class_list":["post-183","page","type-page","status-publish","hentry","entry","owp-thumbs-layout-horizontal","owp-btn-normal","owp-tabs-layout-horizontal","has-no-thumbnails","has-product-nav"],"jetpack_sharing_enabled":true,"_links":{"self":[{"href":"https:\/\/rkadras.lt\/fotomokykla\/wp-json\/wp\/v2\/pages\/183","targetHints":{"allow":["GET"]}}],"collection":[{"href":"https:\/\/rkadras.lt\/fotomokykla\/wp-json\/wp\/v2\/pages"}],"about":[{"href":"https:\/\/rkadras.lt\/fotomokykla\/wp-json\/wp\/v2\/types\/page"}],"author":[{"embeddable":true,"href":"https:\/\/rkadras.lt\/fotomokykla\/wp-json\/wp\/v2\/users\/3"}],"replies":[{"embeddable":true,"href":"https:\/\/rkadras.lt\/fotomokykla\/wp-json\/wp\/v2\/comments?post=183"}],"version-history":[{"count":2,"href":"https:\/\/rkadras.lt\/fotomokykla\/wp-json\/wp\/v2\/pages\/183\/revisions"}],"predecessor-version":[{"id":2820,"href":"https:\/\/rkadras.lt\/fotomokykla\/wp-json\/wp\/v2\/pages\/183\/revisions\/2820"}],"wp:attachment":[{"href":"https:\/\/rkadras.lt\/fotomokykla\/wp-json\/wp\/v2\/media?parent=183"}],"curies":[{"name":"wp","href":"https:\/\/api.w.org\/{rel}","templated":true}]}}